luate -2 + -2 - (0 + 0).
-4
Evaluate 5 + -9 + 6 + 9 + -20.
-9
Calculate 6 - 9 - (4 - 2).
-5
1 + -5 + (-3 + 1 - -1)
-5
Calculate -6 + -11 + 4 + 3.
-10
Calculate 12 - (20 + (-25 - -13)).
4
(-3 - (-8 + 3 + 4)) + 1
-1
Evaluate 2 - (3 - (2 + -4)).
-3
What is 6 + (5 - 0) + -7?
4
Evaluate 3 - (10 + -8 + 4).
-3
Evaluate 1 + 1 + (3 - 11) + 4.
-2
2 - ((-11 - -14) + (2 - -2))
-5
Evaluate (2 - -1) + -3 + -3.
-3
What is 1 + -3 + -4 - (-11 + 4)?
1
What is (-4 - (3 - 6 - -3)) + 10?
6
4 + -2 - (-2 - 4 - -5)
3
7 - (3 - 2 - -2 - -2)
2
What is the value of -4 - -7 - (-3 + 1)?
5
681 + -688 - (-15 + (1 - 0))
7
-14 + 18 - (8 - 0)
-4
What is the value of -2 + -4 + (-1 - -10) + -1?
2
Calculate -3 + (4 - (-1 + (0 - -3))).
-1
Calculate 18 - (10 + 5 - 5).
8
-58 - -52 - (0 + -6)
0
-5 + (-14 - (-12 - -1))
-8
Calculate 11 - (8 + (-11 - -13)).
1
What is 3 - -4 - 3 - (2 + 7)?
-5
Evaluate (-9 - -2 - (7 - 10)) + 7.
3
What is -2 - (-4 - (0 + -1))?
1
-2 - -11 - (7 - 4)
6
-1 - 2 - -5 - -3
5
Calculate -2 + (-1 - (-1 - 0) - 3).
-5
Evaluate -8 - (3 - 8) - -5.
2
Calculate -7 + (4 - 3) + 6.
0
-2 - (0 - -1) - (9 + -9)
-3
What is the value of -2 + -3 + 7 + -2?
0
-20 + 15 + 2 + 0
-3
What is -6 - (1 - (4 - -1))?
-2
Calculate -2 - (-13 + 6) - 0.
5
What is 2 + -2 - ((-7 - -11) + -2)?
-2
What is -2 + 0 + -2 + (-9 - -8)?
-5
What is the value of -5 - (-5 + -12) - (0 - -7)?
5
-2 - -2 - (-13 - -8)
5
6 + (-2 - 0 - 0 - 1)
3
-4 - -5 - (7 - 5)
-1
6 - 13 - (0 + -7)
0
What is the value of (-10 - -1) + (1 - -3)?
-5
What is 4 + 12 + -9 + -9?
-2
Evaluate -3 + 3 + -2 + -2 - 2.
-6
Evaluate 15 + -20 - (-10 - 0).
5
Evaluate 40 + -47 - (-12 + 2 - 0).
3
What is -3 - (-4 - (2 + -4 + 1))?
0
What is (0 - -2) + (-1 - -3)?
4
Evaluate 2 - (3 + 1) - -2.
0
(-5 - -5) + (-4 - 2)
-6
What is 11 + 2 + -12 + (-7 - 0)?
-6
What is (3 - (12 - 9)) + (-4 - -1)?
-3
What is the value of 4 + (-16 - -1 - (-19 + 13))?
-5
What is the value of -11 + -4 + 6 + 9 + -1?
-1
Evaluate -32 - -28 - (-1 + (-2 - -5)).
-6
What is 4 + 0 - (-2 + 16 + -10)?
0
Evaluate -6 + -2 - (-2 + -2).
-4
What is the value of -10 - (0 + -13) - 11?
-8
(0 - 2) + 3 + (0 - -4)
5
What is -7 - (-8 - (-1 + 0 - 6))?
-6
Evaluate 5 + -5 + 36 + -35.
1
What is 4 - (2 + (-2 - -2)) - 6?
-4
Evaluate -7 - (-4 + 1) - (1 + -6).
1
What is the value of 0 + -5 + (-1 - -16 - 4)?
6
What is the value of 6 + 1 + 2 + -46 + 35?
-2
Calculate (0 - -3) + 4 + -4 + 3.
6
Calculate 18 + -22 + (9 - -2 - 2).
5
What is the value of 20 + -13 - (-4 + 6)?
5
Calculate 1 + 1 + -1 + -3.
-2
Evaluate -17 + 23 - (9 - 2).
-1
Calculate -2 + -9 + 1 + 8.
-2
Evaluate -2 + -1 - (-7 - (-1 + 0)).
3
-9 + 28 + (-24 - -11)
6
-37 + 31 + (13 - -1)
8
Calculate 1 + (0 + 1 - -1).
3
2 - -4 - (7 + 3 + 2)
-6
Calculate (-4 + 4 - -3) + -4 - 0.
-1
Calculate -1 - -5 - (-2 + 1 + 4).
1
-4 + (2 - (-4 - (-5 + 3)))
0
What is the value of 7 - (3 - (4 + -6))?
2
What is 8 + -1 - (-5 - (-1 - 14))?
-3
Evaluate 3 - 2 - (12 - 7 - -2).
-6
What is the value of (0 - (-4 + 4)) + -2 + 2?
0
Calculate 0 - 1 - (35 + -31).
-5
What is (5 - 6) + 2 + 0?
1
Calculate (4 - 3) + (-4 + 1 - -3).
1
Calculate (12 - 2 - (1 - -5)) + 5.
9
What is the value of -2 - (5 - (-3 - (2 + -8)))?
-4
Evaluate 90 + -94 - (0 + -4).
0
What is -5 + 2 + -8 + 16?
5
What is the value of -8 + 9 - 5 - -2?
-2
Calculate 0 - (-9 - (-17 - -2)).
-6
Evaluate 5 + 9 + -9 + 7 + -4.
8
Calculate (-6 - -11) + (-3 + 6 - 3).
5
-2 + 8 + -1 - (4 - 8)
9
Calculate -6 - 1 - (-23 + 24 + -8).
0
Calculate -6 + (8 + -4 - 0 - 1).
-3
6 + (-4 - 2) + 5
5
What is the value of 0 + -3 - (4 - (4 - -1))?
-2
What is the value of (19 - (-14 + 17)) + -6 + -1?
9
What is the value of 6 + (0 - 4) - -2?
4
0 - (-1 + 1 - (-7 - -4))
-3
0 + (-1 - (5 + -1))
-5
1 + (-2 - 5) - -8
2
(-1 - -9 - -2) + -5 + 1
6
What is the value of (-5 - (4 + -5)) + 0?
-4
Calculate -6 + 14 + 0 + -4 - 5.
-1
Calculate -7 + (13 - (3 - -5)).
-2
What is (3 - 4) + (0 - 1)?
-2
What is the value of -4 - (3 - (22 - 3) - -5)?
7
Evaluate (-5 - (-3 - -1)) + -1.
-4
Evaluate -2 - -6 - (-2 + 2) - 1.
3
What is -2 + 3 - 4 - -2?
-1
Calculate 9 - (5 - -1 - 1).
4
What is the value of (-6 - -4) + (-1 - -2) + -2?
-3
What is the value of -3 + 1 + (6 - 4 - -5)?
5
Evaluate -6 - (1 - (-11 + 18)).
0
-2 + (-2 - -9 - 3) - -3
5
Evaluate 13 + 2 - 2 - 5.
8
-80 + 74 + 0 + 2
-4
11 + 1 - 16 - (0 + -1)
-3
Calculate (12 - 6) + -7 + -4.
-5
(12 + 2 - 4) + -2
8
What is -3 - -1 - (-16 - -21)?
-7
What is -3 + 0 + 2 + -2?
-3
What is 2 + 0 + 2 + (2 - 1)?
5
Calculate -1 + (-1 - (5 + -3 - 7)).
3
What is -3 + 4 - (4 - 9) - 1?
5
Evaluate (0 - -7 - -8) + (-1 - 5).
9
What is -9 + 3 + 10 + (-6 - 0)?
-2
Calculate 10 + -6 + (-2 - (4 - 6)).
4
Evaluate 12 - 9 - -5 - 2.
6
What is -12 + (9 - 1 - (17 + -16))?
-5
Evaluate (-3 + 10 - 1) + -8 + 10.
8
What is the value of 67 + -67 + 1 + 0 + -3?
-2
What is the value of (-1 - (-5 + 13)) + 5?
-4
What is the value of (16 - 1) + -11 - 6?
-2
Evaluate 2 - 6 - -2 - (1 + -7).
4
What is -6 - -1 - (6 + -7 + -5)?
1
What is 2 + 0 + 26 + -28 - -5?
5
Calculate 4 + -4 - (6 - 2).
-4
Calculate -1 + -4 + 5 - 3.
-3
Calculate -10 - (-15 + (-5 - -11)).
-1
Evaluate 4 + (3 - (9 + -6)).
4
What is the value of 2 + (-5 - 4) - -2?
-5
What is 73 + -76 + (-1 - 0)?
-4
What is 2 + -2 - ((-7 - -3) + -1)?
5
33 - 38 - (0 + -10)
5
What is 10 + -17 + (14 - 5)?
2
0 + (-2 - 5) + 8
1
Evaluate (2 - (3 + -1)) + -1.
-1
What is the value of 1 - 2 - ((3 - -6) + -10)?
0
What is the value of 6 + -3 + -4 + 7?
6
0 + 2 + -4 + (9 - 1)
6
Evaluate 3 + (0 - (-1 - 1)) - 1.
4
Evaluate ((6 - 0) + -6 - 4) + 4.
0
Evaluate -3 + 3 + (2 - -3).
5
Calculate -1 + 7 + -13 + 6.
-1
What is 4 - (11 - 1) - (-2 - -1)?
-5
What is 4 + -12 + 1 + 3?
-4
What is the value of 11 + -8 - (7 - 0)?
-4
Evaluate (-16 - -6) + (-1 - -7) + -4.
-8
Calculate (0 + 3 - (-1 - -6)) + 0.
-2
What is (1 - (7 + -1)) + 0?
-5
What is 1 - ((-4 - 0) + 17 + -20)?
8
What is the value of 3 + 3 + 0 + -9?
-3
What is -9 + 10 - 0 - (2 - -2)?
-3
(1 - 0) + 4 - (0 - -5)
0
(-3 - 0) + -2 + 3
-2
Evaluate (4 - 5 - (1 + 4)) + 14.
8
Calculate 6 - 0 - (0 - (-4 - -3)).
5
(-15 - (13 - 24)) + -4
-8
Evaluate 2 - (2 - (-2 - 0)) - -5.
3
-420 + 421 + (0 + 0 - 2)
-1
What is 0 - 4 - (-1 + 5 + -4)?
-4
Calculate (-2 - (2 - 7)) + 2 + -1.
4
0 + 7 + -15 + 10
2
Calculate (2 - 3 - 8) + 4 - -4.
-1
Evaluate (6 - 5) + 1 + -3 - -3.
2
Calculate (1 - (0 - 0)) + 0 - -3.
4
Calculate -4 + 1 - (-4 + 1 + -1).
1
What is the value of 5 - (5 - 4) - 3?
1
What is -3 + (0 - -8) + (2 - 5)?
2
Evaluate (1 - 0) + 3 + -4.
0
What is 1 + (-12 - (-10 - -4)) + -1?
-6
Calculate 2 + -2 + -2 + (0 - 1).
-3
(1 - (-8 + 8)) + 1
2
Calculate (-3 + -2 - 1) + 6.
0
What is the value of -1 - (0 + (-2 - -6) + -1)?
-4
Evaluate 4 - -5 - (6 - (3 + -2)).
4
-3 - 1 - (8 - 19 - -5)
2
Calculate -1 + 3 - ((-24 - -13) + 10).
3
What is 0 + 3 + 27 + -35?
-5
Calculate (2 - 5 - -1) + -1 + 4.
1
4 + (5 - 1) + 4 + -8
4
What is the value of (2 - 1) + -5 + 2?
-2
Evaluate 0 + -1 - ((5 - 16) + 6).
4
What is (5 - (-2 - -3)) + -3 + -3?
-2
-13 - (-3 + -6) - -1
-3
Evaluate 1 - -2 - ((5 - 0) + -4).
2
What is the value of 1 - (-1 - (5 + -8))?
-1
What is the value of -1 + -1 - (0 - (-7 + 12))?
3
What is -1 + 0 + -2 + 6 + -1?
2
What is 6 - ((0 - -3) + 6 + -5)?
2
Calculate 2 + (-7 + 5 - 3).
-3
(-10 - (-10 - -9)) + 1
-8
What is 2 + 1 + 2 + -4 - 4?
-3
What is the value of -2 + 3 + -2 - -7 - 2?
4
Evaluate (-3 - 0) + (5 - -4).
6
What is the value of -25 - -23 - (1 + 2)?
-5
What is the value of 0 - (3 - (-1 + (1 - -4)))?
1
(-1 - 0) + 4 + -4
-1
What is -2 - -7 - (12 - 5)?
-2
What is the value of (-10 + 0 - -5) + 4?
-1
What is the value of -2 - -4 - (9 - (7 + -8))?
-8
What is 0 + (-1 + (-1 - -2) - -2)?
2
Calculate -1 + 3 + (2 - (-5 - -14)).
-5
What is 0 - ((-7 - -9) + -5)?
3
What is -5 - (8 + 1 + -14)?
0
What is the value of -2 - -6 - (-1 + 2)?
3
What is the value of -6 - (3 - (8 - 4))?
-5
What is the value of (-2 - -6) + -1 + -2 + 2?
3
Calculate -2 + -5 - (3 + -6 + 1).
-5
Evaluate 33 - 30 - (-1 - 4).
8
3 + (5 - 2 - 9)
-3
What is the value of -3 - (1 + -9 - -2)?
3
Evaluate -5 - -6 - -7 - 2.
6
What is 3 + -3 + 10 + -7?
3
What is the value of (-12 + 3 - -3) + 17 + -8?
3
0 - 9 - (92 - 97)
-4
What is the value of (2 - (10 + -5) - 1) + 4?
0
Evaluate (-3 - -9) + -10 + 0.
-4
Calculate (0 - 1) + 6 + -1.
4
What is (1 - -3) + -9 - -5 - 1?
-1
Evaluate -2 + (-2 - (2 + -3 - 0)